(7). Let q = a - d. What is the highest common factor of q and 9?
9
Suppose i + 3*y + 52 = 70, 2*y = 3*i - 76. Calculate the highest common factor of i and 3768.
24
Let v(t) = -t + 6. Let q be v(4). Suppose -q*o - 33 = -203. Let h = -43 + o. Calculate the greatest common divisor of h and 6.
6
Let h(b) = -12*b + 54. Let o(u) = -10*u + 53. Let r(m) = 3*h(m) - 2*o(m). Let x be r(-13). Calculate the greatest common factor of 24 and x.
24
Suppose 0 = -g - v + 38, 4*g + 5*v - 43 = 107. What is the greatest common divisor of g and 40?
40
Suppose -10 = -5*a + 5*x + 30, 2*x = -5*a + 26. Let t = -4 + a. Let q(g) = -74*g + 388. Let v be q(5). What is the greatest common divisor of v and t?
2
Suppose j - 5 = -2. Suppose 4*u = -0*v + 2*v, 0 = -j*v + 2*u - 8. Let s = 18 - v. Calculate the highest common factor of 2 and s.
2
Let d = 935 - 858. What is the greatest common factor of 297 and d?
11
Let p be 40/(((-1188)/(-64))/9 + -2). Let g be (26/8)/(16/p). What is the greatest common divisor of 13 and g?
13
Suppose 0*s - 4*s + 3344 = 0. What is the greatest common factor of 57 and s?
19
Suppose -12 = 2*t - 5*t. Suppose t + 8 = 3*u. Suppose -1 = -3*v + 17. What is the highest common divisor of v and u?
2
Let y(g) = 6*g - 4. Let n = 32 - 18. Let h be y(n). Let l be ((-9)/4)/((-30)/h). Calculate the greatest common divisor of l and 30.
6
Let d(r) = r**3 - 9*r**2 - 11*r + 14. Let a be d(10). Let k be (15/(-5))/((-3)/4). What is the highest common factor of a and k?
4
Let f be ((1 - 117) + 2)*(-10)/12. What is the greatest common divisor of f and 703?
19
Suppose 2*c - 19 = 11. Let q = c + 3. Let i(b) = b**3 + 14*b**2 - 42*b + 38. Let j be i(-16). What is the greatest common factor of j and q?
18
Suppose 12 = -4*b + 4*a, 3*b + 13 = 5*a - 4. Suppose 44*f - 40*f = 8. Calculate the highest common divisor of b and f.
1
Let r(o) = -o**3 + 5*o**2 + 8. Let u be r(4). Suppose -4 = -2*p + u. What is the greatest common factor of 28 and p?
14
Let l be (-1)/4 + (4 - (-90)/(-24)). Suppose l = -2*b + 92 - 64. Calculate the highest common divisor of 154 and b.
14
Let j be 1/1 - (-4 - -3). Let b = j - -19. Suppose 15 = 9*d - 4*d. What is the highest common factor of b and d?
3
Suppose 11*u - 90 = 2*u. Calculate the highest common divisor of u and 110.
10
Let q(a) = 2*a**3 - 11*a**2 - 27*a + 35. Let b be q(10). Calculate the highest common factor of b and 95.
95
Let l be (-8)/(-4) - (-4)/4. Let r be (l - 5 - -5) + 45. What is the highest common divisor of 12 and r?
12
Let i = 244 - 144. Let a = 213 - 188. Calculate the greatest common divisor of a and i.
25
Let i be (5 - 2) + (-11 - -1). Let h = -6 - i. Calculate the highest common divisor of h and 2.
1
Let y(u) = -u**3 - 16*u**2 + 11*u - 11. Let q be y(-17). Suppose 4*i - q = -3. Suppose 0 = -4*g - 0*g + 88. Calculate the highest common divisor of i and g.
22
Let k be 6/8*6*(-6 + 8). What is the greatest common factor of 1143 and k?
9
Let l be 25/(10/(-360)*-12). Let z = 21 - 6. What is the highest common factor of z and l?
15
Let m = -10 - -19. Suppose -g = -2*g - o + 5, -3*o = -m. Suppose 0 = -k - g*k + 24. Calculate the greatest common factor of 12 and k.
4
Let c be 2/(60/(-25) + 2) - -15. Let o = 209 - 61. Let k = 218 - o. Calculate the greatest common divisor of c and k.
10
Let m(p) = 7*p - 3. Let s be m(2). Suppose 3*k = 2*k + g + 15, k + 2*g = 0. Suppose 43 = 3*h + k. What is the highest common divisor of h and s?
11
Suppose -102*l + 252 = 48. Calculate the highest common factor of 223 and l.
1
Let p(d) = -d**3 - 11*d**2 + 10*d - 4. Suppose 4 - 16 = r. Let y be p(r). Calculate the greatest common divisor of 10 and y.
10
Let z = 40 - 24. Suppose -2*r = 2*r + 4, -53 = -3*f + 5*r. Suppose s + 0 = f. What is the highest common factor of z and s?
16
Let u be (-13)/((-1482)/12) + 1035/95. Calculate the greatest common factor of u and 1430.
11
Suppose 8 = -4*n, 8*n - 6 = -2*s + 7*n. Suppose 131 = 4*b - 45. Calculate the highest common factor of b and s.
4
Let g(w) = -64*w. Let d be g(-1). Suppose -7*m = -3*m + d. Let a = m - -31. Calculate the greatest common divisor of a and 75.
15
Suppose -d - 4*w + 2 + 130 = 0, 4*d - 4*w - 508 = 0. What is the highest common factor of 48 and d?
16
Suppose 4*q = 5*g - 41, g - 8 = 4*q - 3. What is the highest common divisor of g and 33?
3
Let z(x) = -128*x + 191. Let g be z(-3). What is the greatest common divisor of 46 and g?
23
Let g(p) = -2*p - 23. Let v = -4 + -15. Let s be g(v). What is the greatest common divisor of s and 105?
15
Suppose -5*r = 4*d - 6, -5*r - 3*d + 7 = -0*d. Let l = r + 3. Suppose l*k - 24 = 6. What is the greatest common divisor of 54 and k?
6
Let g(z) = 0*z**3 - 4*z - z**3 + 3*z**2 - 2*z + 7 + 3*z**2. Let k be g(5). Suppose 37*m - 8 = 33*m. Calculate the highest common divisor of k and m.
2
Suppose l - x - 112 = 0, -4*x + 200 = -3*l + 5*l. Calculate the greatest common divisor of 54 and l.
54
Let q be -1*(5 - 422/1). What is the highest common divisor of 3 and q?
3
Suppose 11*l - 3*c = 6*l + 24, -2*l = 5*c - 22. Let j(o) = 2*o. Let h be j(-1). Let z be (l/h)/(15/(-40)). What is the greatest common factor of z and 8?
8
Let n be 171 - (6/2 - -2 - 2). What is the greatest common factor of n and 24?
24
Suppose 0*p - 2*o - 4 = -p, -p = -4*o + 2. Suppose -3*m + 22 = p. Let f = -5 + 15. What is the greatest common factor of f and m?
2
Let v be 3/(-15) - (-152)/10. Let x(r) = -110*r - 25. Let i be x(-5). Suppose 0*g - 5*g = -i. Calculate the greatest common factor of v and g.
15
Let t = 41 - 21. Calculate the highest common divisor of 980 and t.
20
Suppose 2*c + 120 = -0*w + w, -4*w + 540 = 4*c. Let d be (10/(-4 + 2))/(9/(-18)). What is the greatest common factor of w and d?
10
Let t = -250 - -173. Let s be (2/7 + (-902)/t)/1. Calculate the greatest common factor of s and 48.
12
Suppose -c - 255 = -2*m, -12*m = -8*m + 5*c - 545. Calculate the greatest common factor of m and 90.
10
Let w = -55 - -49. Let j be -3 - (248/w)/((-5)/(-15)). What is the greatest common factor of 11 and j?
11
Let f = 733 - 464. Suppose -f = -3*q + 5*b, 154 = 4*q - 5*b - 213. What is the highest common factor of q and 14?
14
Let d be (16/(-20))/(4/(-630)). Suppose 11 = g - 7. Calculate the highest common divisor of d and g.
18
Suppose 0 = -5*k + 6*f - 3*f + 29, -20 = -4*k + 4*f. Let r(j) = j**2 + 6*j - 44. Let g be r(k). Calculate the greatest common factor of g and 376.
47
Let m = 1506 + -960. Calculate the greatest common divisor of m and 42.
42
Suppose 4*p - 92 = u, -3*p + 92 = -2*u + 7*u. Calculate the greatest common factor of 18 and p.
6
Let b(o) = -o**2 + 6*o + 29. Let p be b(9). Suppose 3*v + p*y - 405 = 0, -3*v + 6*v = 3*y + 390. Calculate the highest common divisor of v and 7.
7
Let w be (-4)/(0 + 1) + 3. Let d be 456*(-6)/8*w. Calculate the greatest common factor of d and 38.
38
Let y be 11 + 10/(-45)*-9. Suppose 69 + 243 = 3*u. What is the highest common divisor of u and y?
13
Suppose -109 = -5*j + p, -2*j + 4*p + 39 = -19. Let b = -36 - -120. Calculate the greatest common divisor of j and b.
21
Let u(l) = -3*l**3 + 84*l**2 + 9*l - 32. Let x be u(28). What is the greatest common divisor of x and 44?
44
Let z = 29 - 26. Suppose -4*a + 5*s = -81, 4*a + 0*s + z*s = 41. Calculate the highest common factor of a and 98.
14
Let g(b) = -b**3 + 23*b**2 + 108*b + 68. Let m be g(27). What is the highest common divisor of 391 and m?
17
Let k = 111 + -35. Let z = -15 + 53. Calculate the highest common factor of z and k.
38
Let k = 29 + -16. Suppose 0 = -l + k + 29. Calculate the highest common divisor of 63 and l.
21
Suppose -2*u - 4*w = -5*u + 53, -2*u = -w - 32. Suppose -1 - 2 = -h. Calculate the greatest common factor of u and h.
3
Let h = 42 + -18. Suppose 3*x + x + 3*b = h, 0 = -3*x + 5*b - 11. Calculate the highest common divisor of 1 and x.
1
Let w = 20 + 64. Suppose -3*f = -s - 63, 2*f + 15 = 3*s + 57. Calculate the highest common divisor of f and w.
21
Suppose 35*g - 102 = 32*g. What is the highest common divisor of g and 629?
17
Suppose -4*a - 3*c = -131, -5*a + c + 97 = -62. Suppose -57 = -7*h - 1. What is the highest common divisor of a and h?
8
Suppose -9*b + 3794 = -1390. Calculate the greatest common factor of 9 and b.
9
Let y = -29 + 33. Suppose 0 = -y*q + 104 + 116. Calculate the hi